{"id":273,"date":"2025-03-05T15:32:30","date_gmt":"2025-03-05T15:32:30","guid":{"rendered":"https:\/\/aprocomsa.hn\/?page_id=273"},"modified":"2025-03-05T15:42:01","modified_gmt":"2025-03-05T15:42:01","slug":"273-2","status":"publish","type":"page","link":"https:\/\/aprocomsa.hn\/index.php\/273-2\/","title":{"rendered":"Noticias"},"content":{"rendered":"\n<div class=\"section-wrapper\" data-id=\"BzZ5Di\"><section class=\"wp-block-gutenverse-section guten-element guten-section guten-BzZ5Di layout-boxed align-stretch\"><div class=\"guten-container guten-column-gap-no\">\n<div class=\"wp-block-gutenverse-column guten-element guten-column guten-iCgBnH\"><div class=\"guten-column-wrapper\" data-id=\"iCgBnH\">\n<div class=\"wp-block-gutenverse-image guten-element guten-image guten-ITwWw3\"><div class=\"guten-image-wrapper\"><img loading=\"lazy\" decoding=\"async\" class=\"gutenverse-image-box-filled\" src=\"https:\/\/aprocomsa.hn\/wp-content\/uploads\/2024\/08\/logo-startupzy.webp\" height=\"398\" width=\"1593\"\/><\/div><\/div>\n<\/div><\/div>\n\n\n\n<div class=\"wp-block-gutenverse-column guten-element guten-column guten-0Qy3tx\"><div class=\"guten-column-wrapper\" data-id=\"0Qy3tx\"><div id=\"guten-EiT5AD\" class=\"guten-element guten-nav-menu nav-menu break-point-tablet submenu-click-title \" data-item-indicator=\"fas fa-angle-down\" data-close-on-click=\"1\">\n\t\t\t<div class=\"gutenverse-hamburger-wrapper\">\n\t\t\t\t<button class=\"gutenverse-hamburger-menu\">\n\t\t\t\t\t<i aria-hidden=\"true\" class=\"fas fa-bars\"><\/i>\n\t\t\t\t<\/button>\n\t\t\t<\/div>\n\t\t\t<div class=\"gutenverse-menu-wrapper\"><div class=\"gutenverse-menu-container\"><ul id=\"menu-menu-main\" class=\"gutenverse-menu\"><li id=\"menu-item-64\" class=\"menu-item menu-item-type-custom menu-item-object-custom menu-item-home menu-item-64\"><a href=\"javascript:void(0);\" data-href=\"https:\/\/aprocomsa.hn\/\">Inicio<\/a><\/li>\n<li id=\"menu-item-65\" class=\"menu-item menu-item-type-post_type menu-item-object-page menu-item-65\"><a href=\"javascript:void(0);\" data-href=\"https:\/\/aprocomsa.hn\/index.php\/acerca-de\/\">Acerca de<\/a><\/li>\n<li id=\"menu-item-308\" class=\"menu-item menu-item-type-post_type menu-item-object-page menu-item-has-children menu-item-308\"><a href=\"javascript:void(0);\" data-href=\"https:\/\/aprocomsa.hn\/index.php\/273-2\/\">Noticias<\/a>\n<ul class=\"sub-menu\">\n\t<li id=\"menu-item-309\" class=\"menu-item menu-item-type-post_type menu-item-object-page menu-item-309\"><a href=\"javascript:void(0);\" data-href=\"https:\/\/aprocomsa.hn\/index.php\/comunicados\/\">Comunicados<\/a><\/li>\n<\/ul>\n<\/li>\n<li id=\"menu-item-95\" class=\"menu-item menu-item-type-post_type menu-item-object-page menu-item-95\"><a href=\"javascript:void(0);\" data-href=\"https:\/\/aprocomsa.hn\/index.php\/contacto\/\">Contacto<\/a><\/li>\n<\/ul><\/div>\n\t\t\t\t<div>\n\t\t\t\t\t<div class=\"gutenverse-nav-identity-panel\">\n\t\t\t\t\t\t<div class=\"gutenverse-nav-site-title\">\n\t\t\t\t\t\t\t<a href=\"https:\/\/aprocomsa.hn\" class=\"gutenverse-nav-logo\"><img decoding=\"async\" src=\"https:\/\/aprocomsa.hn\/wp-content\/uploads\/2024\/08\/logo-startupzy-2.webp\" alt=\"APROCOMSA - \"><\/a>\n\t\t\t\t\t\t<\/div>\n\t\t\t\t\t\t<button class=\"gutenverse-close-menu\"><i aria-hidden=\"true\" class=\"fas fa-times\"><\/i><\/button>\n\t\t\t\t\t<\/div>\n\t\t\t\t<\/div>\n\t\t\t<\/div>\n\t\t<\/div><\/div><\/div>\n\n\n\n<div class=\"wp-block-gutenverse-column guten-element guten-column guten-7A98Ew hide-tablet hide-mobile\"><div class=\"guten-column-wrapper\" data-id=\"7A98Ew\">\n<div class=\"guten-element guten-button-wrapper guten-oRLEqU\"><a class=\"guten-button guten-button-sm\" href=\"#\"><i class=\"fa-lg fas fa-phone-alt\"><\/i><span>Contact Us<\/span><\/a><\/div>\n<\/div><\/div>\n<\/div><\/section><\/div>\n\n\n\n<div class=\"section-wrapper\" data-id=\"s4LaPD\"><section class=\"wp-block-gutenverse-section guten-element guten-section guten-s4LaPD layout-boxed align-stretch\"><div class=\"guten-background-overlay\"><\/div><div class=\"guten-container guten-column-gap-default\">\n<div class=\"wp-block-gutenverse-column guten-element guten-column guten-SHmO9k\"><div class=\"guten-column-wrapper\" data-id=\"SHmO9k\">\n<h2 class=\"wp-block-gutenverse-heading guten-element guten-EyoWIh\">Noticias<\/h2>\n\n\n\n<div class=\"guten-element guten-icon-list guten-zy92b3 inline-icon-list\">\n<div class=\"guten-element guten-icon-list-item guten-NUQU6H\"><a id=\"guten-NUQU6H\"><span class=\"list-text no-icon\">Inicio <\/span><\/a><\/div>\n\n\n\n<div class=\"guten-element guten-icon-list-item guten-P9Zx4Q\"><a id=\"guten-P9Zx4Q\"><i class=\"fas fa-chevron-right\"><\/i><span class=\"list-text \">Noticias<\/span><\/a><\/div>\n<\/div>\n<\/div><\/div>\n<\/div><\/section><\/div>\n\n\n\n<div class=\"section-wrapper\" data-id=\"jE5fRc\"><section class=\"wp-block-gutenverse-section guten-element guten-section guten-jE5fRc layout-boxed align-stretch\"><div class=\"guten-container guten-column-gap-default\">\n<div class=\"wp-block-gutenverse-column guten-element guten-column guten-KhvMhz\"><div class=\"guten-column-wrapper\" data-id=\"KhvMhz\">\n<h5 class=\"wp-block-gutenverse-heading guten-element guten-hJSMMq\">Nuestro bLOG<\/h5>\n\n\n\n<h2 class=\"wp-block-gutenverse-heading guten-element guten-bsCdV0\">\u00daltimas noticias<\/h2>\n\n\n\n<div class=\"guten-element gutenverse-text-editor guten-0vkpId\"><div class=\"text-content-inner\">\n<p>Inf\u00f3rmate sobre las \u00faltimas novedades de APROCOMSA, la Asociaci\u00f3n de Productores de Caf\u00e9 que impulsa el desarrollo y la sostenibilidad del sector cafetalero. Aqu\u00ed encontrar\u00e1s actualizaciones sobre nuestros proyectos, mejoras en la producci\u00f3n, eventos, capacitaciones y logros de nuestros productores. Descubre c\u00f3mo trabajamos para fortalecer la calidad del caf\u00e9 y el bienestar de nuestra comunidad. \u00a1Sigue nuestras noticias y crezcamos juntos!<\/p>\n<\/div><\/div>\n\n\n<div  class=\"gutenverse guten-postblock postblock-type-3 guten-pagination-disable  post-element guten-bFmozG\"  data-id=\"guten-bFmozG\" data-settings=\"{&quot;elementId&quot;:&quot;guten-bFmozG&quot;,&quot;numberPost&quot;:&quot;6&quot;,&quot;column&quot;:{&quot;Desktop&quot;:&quot;3&quot;,&quot;Mobile&quot;:&quot;1&quot;},&quot;categoryPosition&quot;:&quot;left&quot;,&quot;excerptLength&quot;:&quot;23&quot;,&quot;metaAuthorEnabled&quot;:false,&quot;postblockType&quot;:&quot;type-3&quot;,&quot;postItemMargin&quot;:{&quot;Desktop&quot;:[]},&quot;postItemPadding&quot;:{&quot;Desktop&quot;:[]},&quot;postItemBorder&quot;:{&quot;radius&quot;:{&quot;Desktop&quot;:[]}},&quot;thumbnailRadius&quot;:{&quot;Desktop&quot;:{&quot;unit&quot;:&quot;px&quot;,&quot;dimension&quot;:{&quot;top&quot;:&quot;20&quot;,&quot;bottom&quot;:&quot;20&quot;}},&quot;Tablet&quot;:[]},&quot;inheritQuery&quot;:true,&quot;postType&quot;:&quot;post&quot;,&quot;postOffset&quot;:0,&quot;includePost&quot;:[],&quot;excludePost&quot;:[],&quot;includeCategory&quot;:[],&quot;excludeCategory&quot;:[],&quot;includeAuthor&quot;:[],&quot;includeTag&quot;:[],&quot;excludeTag&quot;:[],&quot;htmlTag&quot;:&quot;h3&quot;,&quot;categoryEnabled&quot;:true,&quot;excerptEnabled&quot;:true,&quot;excerptMore&quot;:&quot;...&quot;,&quot;readmoreEnabled&quot;:true,&quot;readmoreIcon&quot;:&quot;fas fa-arrow-right&quot;,&quot;readmoreIconPosition&quot;:&quot;after&quot;,&quot;readmoreText&quot;:&quot;Read More&quot;,&quot;commentEnabled&quot;:false,&quot;commentIcon&quot;:&quot;fas fa-comment&quot;,&quot;commentIconPosition&quot;:&quot;before&quot;,&quot;metaEnabled&quot;:true,&quot;metaAuthorByText&quot;:&quot;by&quot;,&quot;metaAuthorIcon&quot;:&quot;fas fa-user&quot;,&quot;metaAuthorIconPosition&quot;:&quot;before&quot;,&quot;metaDateEnabled&quot;:true,&quot;metaDateType&quot;:&quot;published&quot;,&quot;metaDateFormat&quot;:&quot;default&quot;,&quot;metaDateFormatCustom&quot;:&quot;&quot;,&quot;metaDateIcon&quot;:&quot;fas fa-clock&quot;,&quot;metaDateIconPosition&quot;:&quot;before&quot;,&quot;breakpoint&quot;:&quot;tablet&quot;,&quot;noContentText&quot;:&quot;No Content&quot;,&quot;paginationMode&quot;:&quot;disable&quot;,&quot;paginationLoadmoreText&quot;:&quot;Load More&quot;,&quot;paginationLoadingText&quot;:&quot;Loading...&quot;,&quot;paginationNumberPost&quot;:3,&quot;paginationScrollLimit&quot;:0,&quot;paginationIcon&quot;:&quot;&quot;,&quot;paginationIconPosition&quot;:&quot;before&quot;,&quot;background&quot;:[],&quot;backgroundHover&quot;:[],&quot;animation&quot;:[],&quot;paged&quot;:1,&quot;class&quot;:null}\"><div class=\"guten-block-container\">\n            <div class=\"guten-posts guten-ajax-flag\">\n            <article class=\"guten-post post-537 post type-post status-publish format-standard has-post-thumbnail hentry category-noticias\">\n                    <div class=\"guten-thumb\"><a href=\"javascript:void(0);\" data-href=\"https:\/\/aprocomsa.hn\/index.php\/2026\/04\/07\/asamblea-general-ordinaria-avances-participacion-y-proyecciones\/\"><div class=\"thumbnail-container \">\n            <img fetchpriority=\"high\" decoding=\"async\" loading=\"eager\"  width=\"1920\" height=\"1080\" src=\"https:\/\/aprocomsa.hn\/wp-content\/uploads\/2026\/04\/PORTADA.-COLECCION.png\" class=\"attachment-post-thumbnail size-post-thumbnail wp-post-image\" alt=\"\" srcset=\"https:\/\/aprocomsa.hn\/wp-content\/uploads\/2026\/04\/PORTADA.-COLECCION.png 1920w, https:\/\/aprocomsa.hn\/wp-content\/uploads\/2026\/04\/PORTADA.-COLECCION-300x169.png 300w, https:\/\/aprocomsa.hn\/wp-content\/uploads\/2026\/04\/PORTADA.-COLECCION-1024x576.png 1024w, https:\/\/aprocomsa.hn\/wp-content\/uploads\/2026\/04\/PORTADA.-COLECCION-768x432.png 768w, https:\/\/aprocomsa.hn\/wp-content\/uploads\/2026\/04\/PORTADA.-COLECCION-1536x864.png 1536w\" sizes=\"(max-width: 1920px) 100vw, 1920px\" \/>\n\t\t\t<div class=\"guten-overlay\"><\/div>\n        <\/div><\/a><div class=\"guten-post-category position-left\"><span><a href=\"javascript:void(0);\" data-href=\"https:\/\/aprocomsa.hn\/index.php\/category\/noticias\/\" class=\"category-noticias\">Noticias<\/a><\/span><\/div><\/div>\n                    <div class=\"guten-postblock-content\"><h3 class=\"guten-post-title\"><a href=\"javascript:void(0);\" data-href=\"https:\/\/aprocomsa.hn\/index.php\/2026\/04\/07\/asamblea-general-ordinaria-avances-participacion-y-proyecciones\/\">Asamblea General Ordinaria: avances, participaci\u00f3n y proyecciones<\/a><\/h3>\n                <div class=\"guten-post-meta\"><div class=\"guten-meta-date icon-position-before\"><i aria-hidden=\"true\" class=\"fas fa-clock\"><\/i>abril 7, 2026<\/div><\/div><div class=\"guten-post-excerpt\"><p>La Asociaci\u00f3n de Productores APROCOMSA llev\u00f3 a cabo su Asamblea General Ordinaria, un espacio clave para la rendici\u00f3n de cuentas, evaluaci\u00f3n de resultados&#8230;<\/p><\/div>\n            <div class=\"guten-post-meta-bottom\">\n                <div class=\"guten-meta-readmore icon-position-after\">\n                <a href=\"javascript:void(0);\" data-href=\"https:\/\/aprocomsa.hn\/index.php\/2026\/04\/07\/asamblea-general-ordinaria-avances-participacion-y-proyecciones\/\" class=\"guten-readmore\">Read More<i aria-hidden=\"true\" class=\"fas fa-arrow-right\"><\/i><\/a>\n            <\/div>\n            <\/div><\/div>\n                <\/article><article class=\"guten-post post-503 post type-post status-publish format-standard has-post-thumbnail hentry category-noticias\">\n                    <div class=\"guten-thumb\"><a href=\"javascript:void(0);\" data-href=\"https:\/\/aprocomsa.hn\/index.php\/2026\/01\/27\/aprocomsa-fortalece-capacidades-en-procesos-para-la-produccion-de-cafe-especial\/\"><div class=\"thumbnail-container \">\n            <img decoding=\"async\" loading=\"eager\"  width=\"1920\" height=\"1080\" src=\"https:\/\/aprocomsa.hn\/wp-content\/uploads\/2026\/01\/PORTADA.-COLECCION-2.png\" class=\"attachment-post-thumbnail size-post-thumbnail wp-post-image\" alt=\"\" srcset=\"https:\/\/aprocomsa.hn\/wp-content\/uploads\/2026\/01\/PORTADA.-COLECCION-2.png 1920w, https:\/\/aprocomsa.hn\/wp-content\/uploads\/2026\/01\/PORTADA.-COLECCION-2-300x169.png 300w, https:\/\/aprocomsa.hn\/wp-content\/uploads\/2026\/01\/PORTADA.-COLECCION-2-1024x576.png 1024w, https:\/\/aprocomsa.hn\/wp-content\/uploads\/2026\/01\/PORTADA.-COLECCION-2-768x432.png 768w, https:\/\/aprocomsa.hn\/wp-content\/uploads\/2026\/01\/PORTADA.-COLECCION-2-1536x864.png 1536w\" sizes=\"(max-width: 1920px) 100vw, 1920px\" \/>\n\t\t\t<div class=\"guten-overlay\"><\/div>\n        <\/div><\/a><div class=\"guten-post-category position-left\"><span><a href=\"javascript:void(0);\" data-href=\"https:\/\/aprocomsa.hn\/index.php\/category\/noticias\/\" class=\"category-noticias\">Noticias<\/a><\/span><\/div><\/div>\n                    <div class=\"guten-postblock-content\"><h3 class=\"guten-post-title\"><a href=\"javascript:void(0);\" data-href=\"https:\/\/aprocomsa.hn\/index.php\/2026\/01\/27\/aprocomsa-fortalece-capacidades-en-procesos-para-la-produccion-de-cafe-especial\/\">APROCOMSA fortalece capacidades en procesos para la producci\u00f3n de caf\u00e9 especial<\/a><\/h3>\n                <div class=\"guten-post-meta\"><div class=\"guten-meta-date icon-position-before\"><i aria-hidden=\"true\" class=\"fas fa-clock\"><\/i>enero 27, 2026<\/div><\/div><div class=\"guten-post-excerpt\"><p>APROCOMSA desarroll\u00f3 una jornada de capacitaci\u00f3n t\u00e9cnica en la comunidad de\u00a0Santa Ana, departamento de La Paz, el pasado mi\u00e9rcoles 21 de enero la&#8230;<\/p><\/div>\n            <div class=\"guten-post-meta-bottom\">\n                <div class=\"guten-meta-readmore icon-position-after\">\n                <a href=\"javascript:void(0);\" data-href=\"https:\/\/aprocomsa.hn\/index.php\/2026\/01\/27\/aprocomsa-fortalece-capacidades-en-procesos-para-la-produccion-de-cafe-especial\/\" class=\"guten-readmore\">Read More<i aria-hidden=\"true\" class=\"fas fa-arrow-right\"><\/i><\/a>\n            <\/div>\n            <\/div><\/div>\n                <\/article><article class=\"guten-post post-471 post type-post status-publish format-standard has-post-thumbnail hentry category-comite-de-genero category-noticias\">\n                    <div class=\"guten-thumb\"><a href=\"javascript:void(0);\" data-href=\"https:\/\/aprocomsa.hn\/index.php\/2026\/01\/08\/__trashed\/\"><div class=\"thumbnail-container \">\n            <img decoding=\"async\" loading=\"eager\"  width=\"1920\" height=\"1080\" src=\"https:\/\/aprocomsa.hn\/wp-content\/uploads\/2026\/01\/PORTADA.-COLECCION.png\" class=\"attachment-post-thumbnail size-post-thumbnail wp-post-image\" alt=\"\" srcset=\"https:\/\/aprocomsa.hn\/wp-content\/uploads\/2026\/01\/PORTADA.-COLECCION.png 1920w, https:\/\/aprocomsa.hn\/wp-content\/uploads\/2026\/01\/PORTADA.-COLECCION-300x169.png 300w, https:\/\/aprocomsa.hn\/wp-content\/uploads\/2026\/01\/PORTADA.-COLECCION-1024x576.png 1024w, https:\/\/aprocomsa.hn\/wp-content\/uploads\/2026\/01\/PORTADA.-COLECCION-768x432.png 768w, https:\/\/aprocomsa.hn\/wp-content\/uploads\/2026\/01\/PORTADA.-COLECCION-1536x864.png 1536w\" sizes=\"(max-width: 1920px) 100vw, 1920px\" \/>\n\t\t\t<div class=\"guten-overlay\"><\/div>\n        <\/div><\/a><div class=\"guten-post-category position-left\"><span><a href=\"javascript:void(0);\" data-href=\"https:\/\/aprocomsa.hn\/index.php\/category\/comite-de-genero\/\" class=\"category-comite-de-genero\">Comit\u00e9 de G\u00e9nero<\/a><\/span><\/div><\/div>\n                    <div class=\"guten-postblock-content\"><h3 class=\"guten-post-title\"><a href=\"javascript:void(0);\" data-href=\"https:\/\/aprocomsa.hn\/index.php\/2026\/01\/08\/__trashed\/\">Intercambio de conocimientos para fortalecer la caficultura sostenible\u00a0<\/a><\/h3>\n                <div class=\"guten-post-meta\"><div class=\"guten-meta-date icon-position-before\"><i aria-hidden=\"true\" class=\"fas fa-clock\"><\/i>enero 8, 2026<\/div><\/div><div class=\"guten-post-excerpt\"><p>El martes 30 de diciembre de 2025, la\u00a0Asociaci\u00f3n de Productores APROCOMSA realiz\u00f3 una gira de intercambio de conocimientos en la comunidad de\u00a0Guidasmane, espec\u00edficamente&#8230;<\/p><\/div>\n            <div class=\"guten-post-meta-bottom\">\n                <div class=\"guten-meta-readmore icon-position-after\">\n                <a href=\"javascript:void(0);\" data-href=\"https:\/\/aprocomsa.hn\/index.php\/2026\/01\/08\/__trashed\/\" class=\"guten-readmore\">Read More<i aria-hidden=\"true\" class=\"fas fa-arrow-right\"><\/i><\/a>\n            <\/div>\n            <\/div><\/div>\n                <\/article><article class=\"guten-post post-447 post type-post status-publish format-standard has-post-thumbnail hentry category-noticias\">\n                    <div class=\"guten-thumb\"><a href=\"javascript:void(0);\" data-href=\"https:\/\/aprocomsa.hn\/index.php\/2025\/11\/25\/entrega-de-incentivos-educativos-2024-2025\/\"><div class=\"thumbnail-container \">\n            <img decoding=\"async\" loading=\"eager\"  width=\"1920\" height=\"1080\" src=\"https:\/\/aprocomsa.hn\/wp-content\/uploads\/2025\/11\/PORTADA.-COLECCION.png\" class=\"attachment-post-thumbnail size-post-thumbnail wp-post-image\" alt=\"\" srcset=\"https:\/\/aprocomsa.hn\/wp-content\/uploads\/2025\/11\/PORTADA.-COLECCION.png 1920w, https:\/\/aprocomsa.hn\/wp-content\/uploads\/2025\/11\/PORTADA.-COLECCION-300x169.png 300w, https:\/\/aprocomsa.hn\/wp-content\/uploads\/2025\/11\/PORTADA.-COLECCION-1024x576.png 1024w, https:\/\/aprocomsa.hn\/wp-content\/uploads\/2025\/11\/PORTADA.-COLECCION-768x432.png 768w, https:\/\/aprocomsa.hn\/wp-content\/uploads\/2025\/11\/PORTADA.-COLECCION-1536x864.png 1536w\" sizes=\"(max-width: 1920px) 100vw, 1920px\" \/>\n\t\t\t<div class=\"guten-overlay\"><\/div>\n        <\/div><\/a><div class=\"guten-post-category position-left\"><span><a href=\"javascript:void(0);\" data-href=\"https:\/\/aprocomsa.hn\/index.php\/category\/noticias\/\" class=\"category-noticias\">Noticias<\/a><\/span><\/div><\/div>\n                    <div class=\"guten-postblock-content\"><h3 class=\"guten-post-title\"><a href=\"javascript:void(0);\" data-href=\"https:\/\/aprocomsa.hn\/index.php\/2025\/11\/25\/entrega-de-incentivos-educativos-2024-2025\/\">Entrega de Incentivos Educativos 2024\u20132025<\/a><\/h3>\n                <div class=\"guten-post-meta\"><div class=\"guten-meta-date icon-position-before\"><i aria-hidden=\"true\" class=\"fas fa-clock\"><\/i>noviembre 25, 2025<\/div><\/div><div class=\"guten-post-excerpt\"><p>La Asociaci\u00f3n de Productores de Caf\u00e9 APROCOMSA finaliz\u00f3 con \u00e9xito la entrega de Incentivos Educativos correspondientes al periodo 2024\u20132025, un proyecto aprobado por&#8230;<\/p><\/div>\n            <div class=\"guten-post-meta-bottom\">\n                <div class=\"guten-meta-readmore icon-position-after\">\n                <a href=\"javascript:void(0);\" data-href=\"https:\/\/aprocomsa.hn\/index.php\/2025\/11\/25\/entrega-de-incentivos-educativos-2024-2025\/\" class=\"guten-readmore\">Read More<i aria-hidden=\"true\" class=\"fas fa-arrow-right\"><\/i><\/a>\n            <\/div>\n            <\/div><\/div>\n                <\/article><article class=\"guten-post post-421 post type-post status-publish format-standard has-post-thumbnail hentry category-noticias\">\n                    <div class=\"guten-thumb\"><a href=\"javascript:void(0);\" data-href=\"https:\/\/aprocomsa.hn\/index.php\/2025\/10\/28\/aprocomsa-celebra-su-asamblea-general-extraordinaria-2025-destacando-logros-y-compromiso-con-el-desarrollo-de-las-comunidades\/\"><div class=\"thumbnail-container \">\n            <img decoding=\"async\" loading=\"eager\"  width=\"1920\" height=\"1080\" src=\"https:\/\/aprocomsa.hn\/wp-content\/uploads\/2025\/10\/PORTADA-APROCOMSA-2025.png\" class=\"attachment-post-thumbnail size-post-thumbnail wp-post-image\" alt=\"\" srcset=\"https:\/\/aprocomsa.hn\/wp-content\/uploads\/2025\/10\/PORTADA-APROCOMSA-2025.png 1920w, https:\/\/aprocomsa.hn\/wp-content\/uploads\/2025\/10\/PORTADA-APROCOMSA-2025-300x169.png 300w, https:\/\/aprocomsa.hn\/wp-content\/uploads\/2025\/10\/PORTADA-APROCOMSA-2025-1024x576.png 1024w, https:\/\/aprocomsa.hn\/wp-content\/uploads\/2025\/10\/PORTADA-APROCOMSA-2025-768x432.png 768w, https:\/\/aprocomsa.hn\/wp-content\/uploads\/2025\/10\/PORTADA-APROCOMSA-2025-1536x864.png 1536w\" sizes=\"(max-width: 1920px) 100vw, 1920px\" \/>\n\t\t\t<div class=\"guten-overlay\"><\/div>\n        <\/div><\/a><div class=\"guten-post-category position-left\"><span><a href=\"javascript:void(0);\" data-href=\"https:\/\/aprocomsa.hn\/index.php\/category\/noticias\/\" class=\"category-noticias\">Noticias<\/a><\/span><\/div><\/div>\n                    <div class=\"guten-postblock-content\"><h3 class=\"guten-post-title\"><a href=\"javascript:void(0);\" data-href=\"https:\/\/aprocomsa.hn\/index.php\/2025\/10\/28\/aprocomsa-celebra-su-asamblea-general-extraordinaria-2025-destacando-logros-y-compromiso-con-el-desarrollo-de-las-comunidades\/\">APROCOMSA celebra su Asamblea General Extraordinaria 2025<\/a><\/h3>\n                <div class=\"guten-post-meta\"><div class=\"guten-meta-date icon-position-before\"><i aria-hidden=\"true\" class=\"fas fa-clock\"><\/i>octubre 28, 2025<\/div><\/div><div class=\"guten-post-excerpt\"><p>Marcala, La Paz.&nbsp;La Asociaci\u00f3n de Productores COMSA APROCOMSA llev\u00f3 a cabo su&nbsp;Asamblea General Extraordinaria&nbsp;el pasado&nbsp;s\u00e1bado 18 de octubre de 2025, en el Beneficio&#8230;<\/p><\/div>\n            <div class=\"guten-post-meta-bottom\">\n                <div class=\"guten-meta-readmore icon-position-after\">\n                <a href=\"javascript:void(0);\" data-href=\"https:\/\/aprocomsa.hn\/index.php\/2025\/10\/28\/aprocomsa-celebra-su-asamblea-general-extraordinaria-2025-destacando-logros-y-compromiso-con-el-desarrollo-de-las-comunidades\/\" class=\"guten-readmore\">Read More<i aria-hidden=\"true\" class=\"fas fa-arrow-right\"><\/i><\/a>\n            <\/div>\n            <\/div><\/div>\n                <\/article><article class=\"guten-post post-406 post type-post status-publish format-standard has-post-thumbnail hentry category-noticias\">\n                    <div class=\"guten-thumb\"><a href=\"javascript:void(0);\" data-href=\"https:\/\/aprocomsa.hn\/index.php\/2025\/10\/07\/entrega-de-basureros-metalicos-y-rotulo-de-finca\/\"><div class=\"thumbnail-container \">\n            <img decoding=\"async\" loading=\"eager\"  width=\"1200\" height=\"628\" src=\"https:\/\/aprocomsa.hn\/wp-content\/uploads\/2025\/10\/PHOTO-2025-10-08-10-57-25.jpg\" class=\"attachment-post-thumbnail size-post-thumbnail wp-post-image\" alt=\"\" srcset=\"https:\/\/aprocomsa.hn\/wp-content\/uploads\/2025\/10\/PHOTO-2025-10-08-10-57-25.jpg 1200w, https:\/\/aprocomsa.hn\/wp-content\/uploads\/2025\/10\/PHOTO-2025-10-08-10-57-25-300x157.jpg 300w, https:\/\/aprocomsa.hn\/wp-content\/uploads\/2025\/10\/PHOTO-2025-10-08-10-57-25-1024x536.jpg 1024w, https:\/\/aprocomsa.hn\/wp-content\/uploads\/2025\/10\/PHOTO-2025-10-08-10-57-25-768x402.jpg 768w\" sizes=\"(max-width: 1200px) 100vw, 1200px\" \/>\n\t\t\t<div class=\"guten-overlay\"><\/div>\n        <\/div><\/a><div class=\"guten-post-category position-left\"><span><a href=\"javascript:void(0);\" data-href=\"https:\/\/aprocomsa.hn\/index.php\/category\/noticias\/\" class=\"category-noticias\">Noticias<\/a><\/span><\/div><\/div>\n                    <div class=\"guten-postblock-content\"><h3 class=\"guten-post-title\"><a href=\"javascript:void(0);\" data-href=\"https:\/\/aprocomsa.hn\/index.php\/2025\/10\/07\/entrega-de-basureros-metalicos-y-rotulo-de-finca\/\">Entrega de basureros met\u00e1licos y rotulo de finca<\/a><\/h3>\n                <div class=\"guten-post-meta\"><div class=\"guten-meta-date icon-position-before\"><i aria-hidden=\"true\" class=\"fas fa-clock\"><\/i>octubre 7, 2025<\/div><\/div><div class=\"guten-post-excerpt\"><p>APROCOMSA\u00a0comprometido con sus socios(as) y el medio ambiente ha dado inicio este 11 de septiembre del 2025 a la primera etapa de entrega&#8230;<\/p><\/div>\n            <div class=\"guten-post-meta-bottom\">\n                <div class=\"guten-meta-readmore icon-position-after\">\n                <a href=\"javascript:void(0);\" data-href=\"https:\/\/aprocomsa.hn\/index.php\/2025\/10\/07\/entrega-de-basureros-metalicos-y-rotulo-de-finca\/\" class=\"guten-readmore\">Read More<i aria-hidden=\"true\" class=\"fas fa-arrow-right\"><\/i><\/a>\n            <\/div>\n            <\/div><\/div>\n                <\/article>\n        <\/div>\n        <\/div><\/div><\/div><\/div>\n<\/div><\/section><\/div>\n\n\n\n<div class=\"section-wrapper\" data-id=\"Jmjnhj\"><section class=\"wp-block-gutenverse-section guten-element guten-section guten-Jmjnhj layout-boxed align-stretch\"><div class=\"guten-shape-divider guten-shape-divider-top\"><\/div><div class=\"guten-container guten-column-gap-default\"><\/div><\/section><\/div>\n","protected":false},"excerpt":{"rendered":"","protected":false},"author":1,"featured_media":0,"parent":0,"menu_order":0,"comment_status":"closed","ping_status":"closed","template":"","meta":{"_uag_custom_page_level_css":"","footnotes":""},"class_list":["post-273","page","type-page","status-publish","hentry"],"uagb_featured_image_src":{"full":false,"thumbnail":false,"medium":false,"medium_large":false,"large":false,"1536x1536":false,"2048x2048":false},"uagb_author_info":{"display_name":"admin","author_link":"https:\/\/aprocomsa.hn\/index.php\/author\/admin_aprocomsa\/"},"uagb_comment_info":0,"uagb_excerpt":null,"_links":{"self":[{"href":"https:\/\/aprocomsa.hn\/index.php\/wp-json\/wp\/v2\/pages\/273","targetHints":{"allow":["GET"]}}],"collection":[{"href":"https:\/\/aprocomsa.hn\/index.php\/wp-json\/wp\/v2\/pages"}],"about":[{"href":"https:\/\/aprocomsa.hn\/index.php\/wp-json\/wp\/v2\/types\/page"}],"author":[{"embeddable":true,"href":"https:\/\/aprocomsa.hn\/index.php\/wp-json\/wp\/v2\/users\/1"}],"replies":[{"embeddable":true,"href":"https:\/\/aprocomsa.hn\/index.php\/wp-json\/wp\/v2\/comments?post=273"}],"version-history":[{"count":3,"href":"https:\/\/aprocomsa.hn\/index.php\/wp-json\/wp\/v2\/pages\/273\/revisions"}],"predecessor-version":[{"id":276,"href":"https:\/\/aprocomsa.hn\/index.php\/wp-json\/wp\/v2\/pages\/273\/revisions\/276"}],"wp:attachment":[{"href":"https:\/\/aprocomsa.hn\/index.php\/wp-json\/wp\/v2\/media?parent=273"}],"curies":[{"name":"wp","href":"https:\/\/api.w.org\/{rel}","templated":true}]}}